8 and 77?
7
What is the greatest common factor of 65725 and 11?
11
Calculate the greatest common factor of 18 and 62370.
18
What is the highest common divisor of 152 and 57?
19
Calculate the highest common divisor of 2896 and 181.
181
What is the highest common divisor of 126 and 36?
18
What is the highest common factor of 615 and 45?
15
Calculate the highest common divisor of 220 and 308.
44
Calculate the highest common factor of 76 and 342.
38
Calculate the highest common divisor of 374 and 204.
34
Calculate the highest common divisor of 234 and 15093.
117
Calculate the greatest common factor of 15 and 240.
15
Calculate the highest common factor of 37 and 148.
37
Calculate the greatest common divisor of 403 and 217.
31
What is the greatest common divisor of 7398 and 36?
18
What is the greatest common divisor of 192 and 324?
12
What is the greatest common divisor of 15 and 18195?
15
What is the highest common factor of 256 and 320?
64
Calculate the greatest common factor of 2337 and 114.
57
Calculate the highest common factor of 368 and 50968.
184
What is the highest common divisor of 27 and 54?
27
What is the greatest common divisor of 7 and 45?
1
Calculate the highest common divisor of 152 and 209.
19
What is the greatest common factor of 816 and 49368?
408
What is the highest common divisor of 143 and 52?
13
What is the greatest common divisor of 73146 and 73?
73
What is the greatest common divisor of 288 and 32?
32
Calculate the highest common divisor of 1242 and 432.
54
Calculate the highest common factor of 3375 and 135.
135
What is the highest common divisor of 20 and 10?
10
What is the highest common divisor of 1728 and 24?
24
What is the highest common divisor of 50 and 400?
50
What is the highest common factor of 108 and 144?
36
Calculate the greatest common factor of 403 and 217.
31
Calculate the highest common divisor of 80 and 42320.
80
What is the greatest common divisor of 1 and 899?
1
What is the highest common factor of 850 and 68?
34
What is the highest common divisor of 45 and 99?
9
What is the greatest common factor of 87 and 609?
87
Calculate the highest common factor of 113 and 4859.
113
Calculate the greatest common divisor of 7806 and 6.
6
Calculate the highest common factor of 83 and 151.
1
What is the highest common factor of 536 and 7638?
134
Calculate the greatest common factor of 75038 and 34.
34
Calculate the greatest common factor of 88 and 2772.
44
What is the highest common divisor of 4 and 4?
4
Calculate the greatest common factor of 552 and 207.
69
Calculate the greatest common factor of 627 and 969.
57
Calculate the greatest common factor of 19760 and 130.
130
Calculate the greatest common divisor of 1036 and 28.
28
Calculate the highest common divisor of 322 and 23.
23
Calculate the highest common factor of 1752 and 96.
24
What is the greatest common factor of 385 and 5145?
35
What is the greatest common divisor of 95 and 760?
95
Calculate the greatest common divisor of 5025 and 134.
67
Calculate the highest common divisor of 82 and 1312.
82
What is the highest common divisor of 47 and 16121?
47
What is the greatest common divisor of 124 and 434?
62
Calculate the greatest common factor of 42 and 12.
6
What is the highest common divisor of 84 and 4308?
12
What is the greatest common factor of 520 and 180?
20
Calculate the greatest common factor of 4320 and 50.
10
What is the greatest common divisor of 165 and 440?
55
What is the greatest common factor of 312 and 65?
13
What is the highest common divisor of 50 and 1810?
10
Calculate the highest common factor of 290 and 20.
10
Calculate the highest common divisor of 870 and 24.
6
Calculate the greatest common factor of 35 and 1185.
5
What is the highest common divisor of 68 and 1938?
34
Calculate the greatest common factor of 209 and 22.
11
What is the highest common divisor of 10464 and 480?
96
Calculate the highest common divisor of 348 and 1131.
87
Calculate the highest common factor of 2166 and 36.
6
What is the greatest common divisor of 124 and 155?
31
Calculate the highest common factor of 38 and 1216.
38
What is the highest common divisor of 285 and 399?
57
What is the greatest common divisor of 155 and 124?
31
What is the greatest common divisor of 64 and 1152?
64
Calculate the greatest common divisor of 38 and 342.
38
Calculate the greatest common divisor of 112 and 280.
56
Calculate the greatest common factor of 26 and 1508.
26
Calculate the highest common factor of 3 and 591.
3
Calculate the highest common factor of 27775 and 825.
275
Calculate the greatest common factor of 51 and 3468.
51
What is the highest common divisor of 63 and 90?
9
What is the greatest common factor of 113 and 2825?
113
Calculate the greatest common divisor of 90 and 174.
6
Calculate the highest common factor of 45 and 9.
9
What is the greatest common divisor of 10 and 90?
10
What is the greatest common factor of 420 and 3815?
35
What is the greatest common divisor of 284 and 20?
4
What is the highest common factor of 228 and 57?
57
Calculate the highest common divisor of 99 and 55.
11
Calculate the highest common divisor of 60 and 330.
30
What is the greatest common factor of 6923 and 483?
161
What is the highest common factor of 54 and 126?
18
What is the greatest common factor of 190 and 1710?
190
What is the greatest common divisor of 86 and 430?
86
What is the greatest common divisor of 55 and 7535?
55
What is the greatest common divisor of 22 and 1?
1
Calculate the greatest common divisor of 6 and 222.
6
What is the highest common factor of 986 and 2204?
58
Calculate the greatest common factor of 54 and 2.
2
Calculate the greatest common divisor of 43 and 688.
43
Calculate the greatest common divisor of 204 and 36.
12
What is the greatest common factor of 200 and 155?
5
Calculate the highest common factor of 48 and 116.
4
What is the greatest common divisor of 950 and 150?
50
Calculate the highest common factor of 150 and 350.
50
What is the highest common factor of 203 and 116?
29
Calculate the greatest common divisor of 30 and 105.
15
What is the highest common factor of 585 and 260?
65
Calculate the highest common factor of 384 and 48.
48
What is the highest common factor of 93814 and 14?
14
Calculate the highest common factor of 24 and 42.
6
What is the greatest common factor of 376 and 47?
47
Calculate the greatest common factor of 144 and 12.
12
What is the greatest common factor of 286 and 104?
26
What is the highest common divisor of 272 and 85?
17
Calculate the highest common factor of 117 and 306.
9
What is the greatest common divisor of 952 and 168?
56
Calculate the greatest common factor of 150 and 350.
50
Calculate the greatest common divisor of 1248 and 48.
48
What is the highest common divisor of 1666 and 686?
98
Calculate the highest common divisor of 43 and 2623.
43
What is the greatest common divisor of 3403 and 83?
83
What is the greatest common divisor of 869 and 237?
79
What is the greatest common factor of 528 and 66?
66
What is the highest common factor of 11 and 1177?
11
Calculate the highest common divisor of 36 and 37494.
18
Calculate the greatest common divisor of 1536 and 288.
96
Calculate the greatest common divisor of 5890 and 190.
190
What is the greatest common factor of 2020 and 10?
10
What is the greatest common divisor of 2538 and 54?
54
Calculate the highest common factor of 366 and 12.
6
Calculate the highest common factor of 358 and 71242.
358
Calculate the greatest common factor of 4 and 148.
4
Calculate the greatest common divisor of 18 and 318.
6
What is the highest common divisor of 225 and 100?
25
What is the highest common factor of 180 and 2560?
20
What is the highest common factor of 12 and 51?
3
What is the greatest common divisor of 143 and 24167?
143
Calculate the highest common divisor of 20 and 7695.
5
What is the highest common factor of 102 and 3842?
34
What is the greatest common divisor of 137 and 6439?
137
What is the highest common divisor of 400 and 48?
16
Calculate the highest common factor of 4 and 288.
4
Calculate the highest common divisor of 4410 and 270.
90
Calculate the highest common factor of 776 and 224.
8
What is the greatest common factor of 3227 and 35?
7
What is the greatest common divisor o